13*o - 86. Give x(o).
-3
Let k(b) = -3*b**2 + 2*b**2 - 1 + 7 + 4*b - 1. Let h = -12 - -16. Suppose 0 = h*t - 3*l - 23, 0 = -t - 6*l + l. Give k(t).
0
Let q(u) = 7*u + 32. Let k be q(-6). Let p(t) = -t**2 - 10*t + 11. Calculate p(k).
11
Let t(j) = -j + 6. Let q(y) = 51*y + 19 - 1 - 54*y. Let o(x) = 2*q(x) - 7*t(x). Let m(b) = 5*b**3 - b**2 - 2*b - 1. Let d be m(-1). Give o(d).
-11
Let t(g) = g + 56 - 17 - 24 - 25. Determine t(9).
-1
Let f(w) be the second derivative of 2*w**3/3 + 7*w**2/2 + w - 7. Determine f(-6).
-17
Let r(p) = -p**3 - 4*p**2 + 3*p - 4. Suppose -12*n = 66 - 18. Calculate r(n).
-16
Let l(d) = 5*d. Let o be 5/(-2)*(2 + (-48)/20). What is l(o)?
5
Let o(f) = -f**2 + f. Let q be 3/(53/25 + -2). Suppose -5*c + q = 0, 3*a - 3 = c - 11. What is o(a)?
-2
Let d(c) be the first derivative of c**5/60 + c**4/2 + 10*c**3/3 - 13. Let o(a) be the third derivative of d(a). Give o(-8).
-4
Let f(z) be the third derivative of -1/120*z**6 - 3/20*z**5 - z**3 - 11*z**2 + 0 + 0*z**4 + 0*z. What is f(-9)?
-6
Let p(y) = -y**2 - y. Let v(t) = -4*t**2 + 84*t - 88*t + 0*t**2. Let s(a) = -6*p(a) + v(a). Suppose 0 = -4*f - 6 - 2. Give s(f).
4
Suppose -2*j - 16 = 5*r, -3*r - 4 = 2*j - r. Let l(s) = s**2 + 1. Let w be l(1). Let h(u) = 2*u**3 - 4 - 7*u**2 + j*u**3 + w*u + 0*u - 3*u**3. Determine h(7).
10
Suppose k - 27 = -2*k. Let w be (3/k)/((-2)/(-30)). Let z(m) = 0*m - 4*m - 2*m + w*m. What is z(-3)?
3
Let d(z) = z**3 - 4*z**2 + 3*z - 6. Let p(f) be the third derivative of 0 - 4*f**3 - 6*f**2 + 1/6*f**4 + 0*f. Let q be p(7). Calculate d(q).
6
Let w(k) = -23 - 18*k**2 + 17*k**2 + 49 - 17*k. What is w(-18)?
8
Let c(v) be the first derivative of 2 - 5*v + 0*v + 3*v**2 - 4*v**2. Let g be ((-40)/28)/((-32)/(-112)). Give c(g).
5
Let f(s) be the first derivative of 3*s**2 + s - 2. Suppose -j - 2*y - 6 = 0, 3*y - 3 = -15. Give f(j).
13
Let j = -27 - -14. Let r = j - -14. Let v(g) = g**2 - 4*g - 3 - r - 3*g + 2. Determine v(6).
-8
Let q(w) = -17*w**2 - 2*w - 1. Let h = 697 + -698. What is q(h)?
-16
Let w(j) = -j + 0*j + 22 + 3*j - 30. Calculate w(7).
6
Let v be 17 + -10 + 4/(-2). Suppose 3*a = -v*h + 32 + 3, 5*h = 5*a - 5. Let r(w) = -4*w + 5. Give r(h).
-11
Let u(b) = 3*b. Let j be 201/18 - (-3)/(-18). Let w = j + -13. What is u(w)?
-6
Let g(o) = 4. Let y(d) = -d - 10. Let c(u) = -5*g(u) - 2*y(u). Let f(l) = -l - 4. Let s(q) = 4*c(q) - f(q). Give s(-3).
-23
Suppose -4*r + 3 = -7*r, 2*q + 53 = 3*r. Let s = q + 23. Let z(n) be the third derivative of -n**6/120 - n**5/10 - n**4/6 - n**3/2 - n**2. Determine z(s).
-8
Suppose -2*r - 2*r + 16 = -j, r + 13 = -4*j. Suppose -2 = -r*u + 7. Let l(n) = -2*n**2 + 9*n**3 + 5*n**2 + 4 - 10*n**u + 3*n. Give l(4).
0
Let p(y) be the second derivative of y**5/20 - 5*y**4/6 + 7*y**2/2 - 30*y + 1. What is p(10)?
7
Let s(q) = -q**3 - 8*q**2 + 10*q + 12. Let d(w) = 31*w - 164. Let k be d(5). Calculate s(k).
3
Suppose -h - 5 - 23 = 0. Let q = h - -31. Let s(x) = -4*x**2 - 4*x**q + x + 6*x**2 + 3*x**3 + 2*x - 3. Determine s(2).
3
Let l(v) = -v**3 + 2*v**2 + 4*v - 1. Let h be l(3). Let z(k) = 4*k**2 + h*k + 2 + 1 - 2*k**2 + k**3. What is z(-2)?
-1
Let v be (87/(-29))/(6/(-4)). Let t(l) = 28*l - 53*l + 26*l - l**v. What is t(-2)?
-6
Let t be ((-6)/4)/(34/8 - 4). Let j(u) = -u**3 - 8*u**2 - 6*u + 6. What is j(t)?
-30
Let k be (6/4)/(2/(9 - 13)). Let t(u) = -3*u + 4. Calculate t(k).
13
Let u(c) = -c**2 + 3*c + 12. Let a be u(5). Let k(w) = a*w**3 + 1 + 0*w**3 - w - 3*w**3 - 4*w**2 + 2*w**2. What is k(-2)?
3
Suppose -6*c = -5*c. Let d(i) be the second derivative of -i**5/20 - i**4/12 + i**3/6 + 3*i**2 + 7*i. Calculate d(c).
6
Suppose -k + 44 = 4*n, 16*n - 19*n - 2*k = -38. Let r(u) = -u**3 + 9*u**2 + 8*u + 20. Determine r(n).
0
Let s(r) = -r**3 - r**2 + 10*r - 5. Let l be s(-4). Let d(i) = i + 2. Calculate d(l).
5
Let l(a) be the first derivative of a**4/4 + 5*a**3/3 + 3*a**2/2 + 4*a - 1. Suppose -4*g - 5*v - 288 = 657, -5 = v. Let t be ((-6)/5)/((-69)/g). Calculate l(t).
8
Let o(a) be the first derivative of -a**4/4 + 7*a**3/3 - 5*a + 1. Let k = 1544 + -1537. Determine o(k).
-5
Suppose 112 + 0 = 28*w. Let b(j) be the first derivative of 3*j**2/2 - 5*j + 2. What is b(w)?
7
Let m(r) = -7*r. Let v = -13 + 9. Suppose 3*i = -i + 2*l - 6, 4*i - 24 = -4*l. Let t be -6*i/2 - v. Calculate m(t).
-7
Let w = 35 + -32. Let l(t) be the second derivative of -1/4*t**4 - 2*t**2 - t + 1/20*t**5 + 0 + 1/2*t**3. Calculate l(w).
5
Let c(q) = -7*q + 7. Suppose 0 = 2*u - 4*u + 20. Let g(d) = 4*d - 4. Let n(k) = u*g(k) + 6*c(k). Suppose 2*f + 4*x = 14, -4*f + 8*x = 3*x - 2. What is n(f)?
-4
Let v(j) = j**3 + 17*j**2 - j - 12. Let c be v(-17). Let w(z) = 0 + z - 1 - 7. Give w(c).
-3
Let k(c) = -8*c**2 - 63*c**3 - 2*c**2 + 23*c**3 + 7*c + 23*c**3 + 18*c**3 + 3. Calculate k(9).
-15
Let m(k) = 4*k**3 + 17*k**2 + 20*k - 22. Let l(b) = b**3 + 1. Let g(p) = -5*l(p) + m(p). Calculate g(18).
9
Let h(g) = 5*g**2 + 2*g + 4. Let p(u) = 12*u**2 + 2*u + 7. Let s(j) = 7*h(j) - 3*p(j). Determine s(8).
7
Let v(s) be the third derivative of -s**6/360 + s**5/60 + s**4/8 + 11*s**3/2 + 14*s**2. Let g(m) be the first derivative of v(m). Calculate g(-2).
-5
Let h(n) = -4*n - 20. Let f be h(-6). Let o(c) = -1 - f - 8*c + 9*c. What is o(4)?
-1
Let d(p) = -p - 12. Suppose -247 = -17*f + 30*f. What is d(f)?
7
Let h(x) = 7*x + 2. Suppose 2*d + 20 - 6 = 4*j, -4*d = -j. Determine h(j).
30
Let x be 1*(-5 + -2 + 4). Let a(r) = -r + 3. What is a(x)?
6
Let q(b) = b**3 - 5*b**2 - 2*b + 6. Let n be q(6). Let c be n/18 + (-2)/(-6). Suppose 0 = c*a - 1 - 7. Let s(l) = -2*l - 3. Determine s(a).
-11
Suppose -b + 4*b = -3. Let w(j) be the second derivative of 19*j**4/12 + j**3/6 + j**2/2 + 14*j + 5. Determine w(b).
19
Let o(h) = 7*h**2 - 10*h. Let y(g) = 9*g**2 - 11*g - 1. Let t(d) = -5*o(d) + 4*y(d). Let f = 7 + -5. Suppose -20 = 5*m, f*c - 5*m + 4 = -2*c. Give t(c).
-4
Let r(o) = o**2 + 7*o - 2. Let k(g) = -4*g**2 - 14*g + 5. Let p(a) = -k(a) - r(a). Calculate p(-2).
-5
Let u(w) = -w**2 + w + 4. Let s(g) = g**2 - 14*g - 24. Let l(y) = s(y) + 2*u(y). What is l(-11)?
-5
Let v be 274/(-18) + 4/18. Let c be (-35)/v + (-1)/3. Let p(d) = d - d**2 + c + 4*d**2 - 2*d**2 + 2*d**2 - d**3. What is p(3)?
5
Suppose 0 = f - 3, -n + 4*f = 4*n - 973. Let o(p) = 196 + 0*p - n - p. Give o(-7).
6
Let q(y) = -4*y + 6. Let k(a) = 1. Let x(u) = 5*k(u) - q(u). Give x(-1).
-5
Let m(z) = z**2 + 8*z + 3. Let v be (122/4 + 1)*(-18)/(-27). Suppose -64 = -v*y + 29*y. Determine m(y).
3
Let j(h) = h + 4. Let q be j(-1). Let i(o) = -q - 4*o + o + o. Determine i(-2).
1
Let h be (-4)/(16/(-18))*-2. Let z be ((-12)/h)/(1/12). Suppose -7*k = 12 + z. Let b(p) = p. What is b(k)?
-4
Let b = -90 + 93. Let w(l) = -l**3 - b*l + 6*l**2 - 48 + 88 - 46. Suppose 2*q = y - 15, 5 = 5*y + q + 3*q. What is w(y)?
4
Suppose -5*q = -4*w + 74, 5*q - 35 = -w - 4. Suppose 0 = -4*z + w + 27. Suppose 0 = 4*g, -4*v + z = -0*v + 4*g. Let x(c) = 3*c - 3. Determine x(v).
6
Let k(s) = s**2 - 12*s - 7. Suppose -g - 33 = -3*a, -5*g = -40*a + 35*a + 65. Determine k(a).
-27
Let i(q) = q**3 - 3*q**2 + 1. Let s(k) = k + 18. Suppose -15 = 5*u + 5*x, 4*x - 10 - 50 = 5*u. Let c = u - 7. Let n be s(c). What is i(n)?
1
Let p be 1 + (0 - 2) + 4. Let h(i) = 7 - 3*i**2 - i - 3 - i**p - i**2. Let d be -1 - (-11 + 8)*(-8 - -7). What is h(d)?
8
Let w(b) = b - 7. Let p(d) = 6. Let o(r) = 5*p(r) + 4*w(r). Suppose -4*f + 3*y - 38 = 0, -32 = 3*f - 4*y - 0*y. Let s = -5 - f. Calculate o(s).
14
Let p(u) = u**2 - 3*u + 2. Let k be (-93)/(-15) - (-1)/(-5). Suppose -z = 3*r, -k*z + 3*r = -3*z - 36. Let s = 13 - z. Determine p(s).
6
Let n be 127/(-4) - 5/20. Let z = -26 - n. Let y(q) = -q. Give y(z).
-6
Let c(r) = -13*r**3 + 3*r**2 + 2*r + 8. Let q(k) = 11*k**3 - 3*k**2 - k - 7. Let g(y) = 5*c(y) + 6*q(y). What is g(2)?
2
Let a be (2/5)/((-2)/(-10)). Let v(w) = 26*w + 2 - 44*w - a. What is v(1)?
-18
Let t be ((-20)/(-30))/((-1)/(-9)). Let s(h) = 4*h - 7. Let q(y) = 21*y - 36. Let l(i) = 2*q(i) - 11*s(i). Give l(t).
-7
Suppose -5*y + 33 - 8 = 0. Let j(b) = 0*b - y + 4*b + 0*b - 5*b. What is j(-5)?
0
Let f(i) = -i**3 - 11*i**2 + 9*i + 104. Let y be f(-11). Let g(n) = n**2 - 6*n + 4. Calculate g(y).
-1
Let y(p) = -p**2 - 7*p - 2. Let k(t) = -3*t**2 - 15*t - 4. Let c(i) = 2*k(i) - 5*y(i). Calc